g(v) = v**3 - 3*v**2 - 155*v + 15. Give g(14).
1
Let u(a) = a**3 + 6*a**2 - 7*a - 17. What is u(-4)?
43
Let u(f) = 116*f - 428. What is u(5)?
152
Let v(m) = -m**2 - 14*m + 104. What is v(7)?
-43
Let u(o) = 52*o**2 + 144*o + 21. Calculate u(-3).
57
Let h(q) = -q**3 - 17*q**2 - 89*q - 636. Give h(-14).
22
Let y(z) = -3*z**3 - 66*z**2 - 65*z + 15. What is y(-21)?
57
Let a(w) = w**2 - 26*w - 134. Calculate a(30).
-14
Let k(z) = -611*z - 4255. Calculate k(-7).
22
Let z(x) = 7*x**2 + 256*x - 78. What is z(-37)?
33
Let j(o) = -194*o - 2537. Give j(-13).
-15
Let j(o) = -7*o + 132. Determine j(27).
-57
Let t(z) = 58*z**2 + 996*z + 34. Calculate t(-17).
-136
Let l(x) = x**3 - 31*x**2 + 64*x - 992. Give l(30).
28
Let o(f) = -f**2 - 22*f - 120. Determine o(-12).
0
Let d(u) = -4*u**2 - 260*u + 513. Calculate d(2).
-23
Let h(m) = -m**3 + 23*m**2 + 181*m - 50. Determine h(29).
153
Let s(h) = -h**3 + 34*h**2 + 69*h + 63. Give s(36).
-45
Let p(h) = -5*h**2 + 12*h + 33. What is p(8)?
-191
Let y(m) = -23*m - 27. What is y(-6)?
111
Let v(h) = -105901*h - 741305. Calculate v(-7).
2
Let r(g) = -9109*g + 136614. What is r(15)?
-21
Let h(s) = -214*s**2 + 65*s - 64. Calculate h(1).
-213
Let b(j) = -j**3 + 17*j**2 + 30*j + 26. Give b(19).
-126
Let j(p) = -47*p + 396. Give j(10).
-74
Let i(m) = -10*m**3 - 66*m**2 + 39. Give i(-6).
-177
Let p(k) = 5*k - 259. What is p(49)?
-14
Let q(a) = 11*a**3 - a**2 + 4*a + 9. Determine q(0).
9
Let x(y) = -55*y - 129. What is x(-3)?
36
Let y(s) = -3*s**2 - 74*s - 73. Calculate y(-24).
-25
Let p(j) = -j**2 + 101*j - 993. Calculate p(11).
-3
Let c(z) = -35*z - 79. Determine c(-3).
26
Let q(u) = u**2 - 7*u - 113. Give q(-7).
-15
Let o(s) = -8799*s + 52791. Determine o(6).
-3
Let m(n) = 2*n**2 - 60*n + 53. What is m(21)?
-325
Let t(o) = -o**3 - 25*o**2 + 2*o - 623. Determine t(-26).
1
Let f(v) = v**2 - 24*v - 80. Determine f(0).
-80
Let s(z) = 907*z - 2717. Give s(3).
4
Let s(o) = 19*o + 405. What is s(-16)?
101
Let m(w) = 237*w**2 + 1660*w - 9. Determine m(-7).
-16
Let b(j) = -1317*j + 3948. What is b(3)?
-3
Let b(o) = 344*o**2 + 4*o - 3. Give b(1).
345
Let z(m) = -50*m + 249. Give z(9).
-201
Let a(l) = 46*l + 751. What is a(-16)?
15
Let a(n) = 3*n**3 - 30*n**2 + 6*n + 1. Give a(10).
61
Let q(c) = 32*c - 286. Calculate q(18).
290
Let l(f) = -67*f + 3493. Determine l(52).
9
Let k(v) = v**2 + 20*v - 128. Calculate k(6).
28
Let m(p) = 22*p**3 - 89*p**2 + 24*p - 86. What is m(4)?
-6
Let u(y) = -2143*y + 6467. Give u(3).
38
Let l(w) = -2*w**3 - 26*w**2 + 20*w + 187. Calculate l(-13).
-73
Let t(k) = 20*k + 223. What is t(-15)?
-77
Let r(h) = 598*h - 5980. Give r(10).
0
Let p(z) = z**2 + 7244*z - 152564. What is p(21)?
1
Let t(d) = d**2 + 135*d + 2580. What is t(-23)?
4
Let o(z) = -741*z + 6657. Determine o(9).
-12
Let k(h) = h**2 + 141*h - 2521. Determine k(16).
-9
Let u(o) = o**3 - 22*o**2 - 68*o - 27. What is u(25)?
148
Let h(i) = -50*i + 6371. Calculate h(127).
21
Let q(n) = 2*n**3 - 23*n**2 - 3*n - 86. Determine q(12).
22
Let p(m) = 8409*m - 16810. Determine p(2).
8
Let t(u) = 39*u - 619. Calculate t(16).
5
Let v(i) = i**3 + 44*i**2 + 80*i - 41. What is v(-42)?
127
Let p(a) = -70*a + 1385. What is p(20)?
-15
Let m(o) = -o**3 - 15*o**2 - 120*o - 355. Calculate m(-5).
-5
Let f(a) = -389*a - 1945. Calculate f(-5).
0
Let i(z) = -8*z - 755. What is i(-87)?
-59
Let n(k) = k**2 - 185*k + 1251. Determine n(178).
5
Let a(o) = o**2 + 33*o + 293. Give a(-22).
51
Let v(o) = -24*o**2 - 564*o + 1723. What is v(3)?
-185
Let v(q) = 64*q - 2235. Calculate v(36).
69
Let n(b) = 3*b - 106. Give n(27).
-25
Let k(w) = 474*w - 7118. What is k(15)?
-8
Let u(k) = k**2 - 255*k - 2360. Calculate u(-9).
16
Let j(s) = -126*s - 32. What is j(-3)?
346
Let v(j) = -j**3 - 91*j**2 - 1198*j - 870. Determine v(-15).
0
Let p(z) = -z**3 - 10*z**2 - 11*z + 14. Give p(-9).
32
Let n(y) = -69*y - 919. What is n(-11)?
-160
Let m(z) = 5*z**3 - z**2 + 13*z + 31. What is m(-3)?
-152
Let m(w) = -w**2 - 43*w + 2840. Calculate m(36).
-4
Let z(i) = i**3 + 72*i**2 - 11*i - 922. Determine z(-72).
-130
Let v(l) = 6*l**2 - 216*l + 1057. Determine v(5).
127
Let y(k) = -61*k**2 - 38*k + 1. What is y(-1)?
-22
Let p(v) = 43*v**2 - 92*v - 4. What is p(4)?
316
Let u(l) = l**3 - 3*l**2 - 15*l + 24. Give u(6).
42
Let v(j) = -j**3 - 28*j**2 - 23*j - 105. Give v(-27).
-213
Let n(d) = -20*d**2 + 54*d - 175. Calculate n(3).
-193
Let u(v) = v**3 - 56*v**2 + 112*v - 196. Calculate u(54).
20
Let o(k) = -103*k - 538. Calculate o(-5).
-23
Let o(l) = l**2 + 33*l - 140. Give o(-34).
-106
Let n(l) = -17*l + 406. Calculate n(25).
-19
Let g(d) = -94*d**2 - 755*d - 34. Calculate g(-8).
-10
Let b(k) = 54*k - 109. Determine b(4).
107
Let k(g) = -3*g**2 - 16*g - 10. Calculate k(-5).
-5
Let q(z) = -23*z + 1525. What is q(65)?
30
Let f(b) = 12*b**3 - 139*b**2 - 48*b - 152. Give f(12).
-8
Let i(n) = -n**3 + 18*n**2 - 76*n + 52. Determine i(12).
4
Let n(f) = f**3 + 86*f**2 + 286*f + 3066. What is n(-83)?
-5
Let c(l) = -171*l - 404. What is c(-4)?
280
Let o(u) = 23*u**2 + 17*u + 18. What is o(-1)?
24
Let k(t) = -t**3 - 38*t**2 - 306*t - 84. Calculate k(-11).
15
Let z(v) = 46*v - 1186. What is z(25)?
-36
Let z(l) = 6*l - 330. Determine z(55).
0
Let x(p) = -7*p**3 + 2*p**2 + 226*p - 903. Determine x(4).
-415
Let p(g) = -4*g**2 + 196*g + 1334. Give p(-6).
14
Let r(p) = 34*p**3 - 1463*p**2 + 42*p - 12. Give r(43).
-55
Let w(k) = -k**2 - 84*k + 2849. Give w(26).
-11
Let j(s) = -308*s + 1379. Give j(5).
-161
Let o(b) = -7*b - 121. Determine o(-11).
-44
Let y(w) = -2*w**2 - 35*w + 51. Calculate y(-17).
68
Let n(a) = -1103*a + 7733. Determine n(7).
12
Let c(k) = -17*k**2 + 203*k + 272. Determine c(13).
38
Let o(c) = 2*c**3 + 28*c**2 + 16*c - 116. Determine o(-13).
14
Let t(h) = h**3 - 46*h**2 + 44*h + 94. Give t(45).
49
Let i(u) = -u**3 + 5*u**2 - 875*u + 4371. Determine i(5).
-4
Let h(r) = 167*r - 4833. Give h(29).
10
Let b(s) = -15*s**2 - 13*s + 20. Calculate b(0).
20
Let c(k) = -4*k**3 + 5*k + 4. Give c(3).
-89
Let v(t) = t**3 + 20*t**2 - 38*t + 15. Calculate v(-22).
-117
Let a(z) = -z**3 + 15*z**2 - 52*z - 13. Determine a(9).
5
Let r(k) = 53*k - 428. What is r(8)?
-4
Let y(i) = 74*i**2 + 6*i - 6. Give y(1).
74
Let a(s) = -5*s**2 - s + 5. Determine a(-6).
-169
Let b(u) = -u**3 + 2*u**2 + 409*u + 193. What is b(-19)?
3
Let k(f) = f**2 - 54*f + 614. Determine k(38).
6
Let z(y) = 2*y**3 + 85*y**2 + 123*y + 44. What is z(-41)?
44
Let q(o) = o**3 + 63*o**2 + 7*o + 179. Determine q(-63).
-262
Let a(y) = -y**3 + 13*y**2 - 15*y + 15. Determine a(11).
92
Let z(u) = u**2 + 26*u + 152. Determine z(-9).
-1
Let m(c) = c**3 - 8*c**2 - 13*c - 5. Determine m(8).
-109
Let a(t) = -2*t**3 + 315*t**2 - 464*t - 646. Determine a(156).
-22
Let i(o) = -o**2 - 31*o + 191. What is i(7)?
-75
Let d(n) = -n**3 - 11*n**2 + 10*n - 10. Determine d(-12).
14
Let x(i) = 6*i**2 + 38*i - 252. Give x(4).
-4
Let m(a) = -a**3 + 20*a**2 + 40*a - 8. Determine m(-2).
0
Let z(i) = -i**2 - 20*i - 85. Give z(-14).
-1
Let c(q) = -2*q + 197. Give c(104).
-11
Let g(v) = -v**3 + 39*v**2 + 808*v - 2. Calculate g(-15).
28
Let b(x) = -10*x + 383. Give b(17).
213
Let k(i) = 6*i**2 + 5*i + 17. Give k(0).
17
Let i(w) = -2156*w + 6472. Give i(3).
4
Let l(t) = 52*t**2 + 114*t - 1. Give l(-3).
125
Let j(u) = -u**3 + 39*u**2 - 152*u - 17. Give j(4).
-65
Let z(p) = 2*p**2 - 49*p - 16. Determine z(25).
9
Let a(y) = -3*y**3 + 9*y**2 - 4*y + 2. Give a(2).
6
Let g(o) = 256*o - 18. Calculate g(0).
-18
Let q(p) = 2*p**2 - 66*p - 328. Give q(39).
140
Let l(s) = -28*s + 201. What is l(7)?
5
Let d(t) = -5*t**2 - 7*t + 202. Give d(-7).
6
Let h(z) = 40*z - 110. Determine h(6).
130
Let d(p) = -6*p**2 - 10*p + 11. Calculate d(-3).
-13
Let p(i) = 70*i + 538. What is p(-6)?
118
Let g(u) = -2369*u - 18948. Calculate g(-8).
4
Let c(j) = 209*j + 16817. What is c(-80)?
97
Let r(n) = n**3 - 51*n**2 - n + 52. Determine r(51).
1
Let a(x) = -x**3 - 48*x**2 - 82*x + 16. Calculate a(-2).
-4
Let c(d) = 190*d - 1935. Determine c(10).
-35
Let y(a) = -4*a**3 + 2*a**2 + 2*a + 12. Calculate y(5).
-428
Let o(j) = 3*j**2 - 140*j + 267. Determine o(44).
-85
Let w(b) = 152*b + 457. Calculate w(-12).
-1367
Let u(h) = -2*h**2 - 55*h + 3. What is u(-25)?
128
Let g(r) = -53*r - 2963. What is g(-56)?
5
Let d(m) = -204*m -